{"id":423,"date":"2018-10-10T17:08:06","date_gmt":"2018-10-10T17:08:06","guid":{"rendered":"http:\/\/aldoconsultor.com\/?page_id=423"},"modified":"2025-05-23T20:11:03","modified_gmt":"2025-05-23T20:11:03","slug":"sobre-mi","status":"publish","type":"page","link":"https:\/\/aldoconsultor.com\/","title":{"rendered":"Sobre m\u00ed"},"content":{"rendered":"\n<div style=\"height:20px\" aria-hidden=\"true\" class=\"wp-block-spacer\"><\/div>\n\n\n\n<div class=\"wp-block-columns is-layout-flex wp-container-core-columns-is-layout-9d6595d7 wp-block-columns-is-layout-flex\">\n<div class=\"wp-block-column is-layout-flow wp-block-column-is-layout-flow\" style=\"flex-basis:10%\">\n<figure class=\"wp-block-image size-large\"><img data-recalc-dims=\"1\" fetchpriority=\"high\" decoding=\"async\" width=\"525\" height=\"527\" src=\"https:\/\/i0.wp.com\/aldoconsultor.com\/wp-content\/uploads\/2024\/12\/344741129_185960657712322_2324309117788957603_n-4-1020x1024.jpg?resize=525%2C527&#038;ssl=1\" alt=\"\" class=\"wp-image-3462\" srcset=\"https:\/\/i0.wp.com\/aldoconsultor.com\/wp-content\/uploads\/2024\/12\/344741129_185960657712322_2324309117788957603_n-4.jpg?resize=1020%2C1024&amp;ssl=1 1020w, https:\/\/i0.wp.com\/aldoconsultor.com\/wp-content\/uploads\/2024\/12\/344741129_185960657712322_2324309117788957603_n-4.jpg?resize=300%2C300&amp;ssl=1 300w, https:\/\/i0.wp.com\/aldoconsultor.com\/wp-content\/uploads\/2024\/12\/344741129_185960657712322_2324309117788957603_n-4.jpg?resize=150%2C150&amp;ssl=1 150w, https:\/\/i0.wp.com\/aldoconsultor.com\/wp-content\/uploads\/2024\/12\/344741129_185960657712322_2324309117788957603_n-4.jpg?resize=768%2C771&amp;ssl=1 768w, https:\/\/i0.wp.com\/aldoconsultor.com\/wp-content\/uploads\/2024\/12\/344741129_185960657712322_2324309117788957603_n-4.jpg?resize=1529%2C1536&amp;ssl=1 1529w, https:\/\/i0.wp.com\/aldoconsultor.com\/wp-content\/uploads\/2024\/12\/344741129_185960657712322_2324309117788957603_n-4.jpg?resize=100%2C100&amp;ssl=1 100w, https:\/\/i0.wp.com\/aldoconsultor.com\/wp-content\/uploads\/2024\/12\/344741129_185960657712322_2324309117788957603_n-4.jpg?w=2039&amp;ssl=1 2039w\" sizes=\"(max-width: 767px) 89vw, (max-width: 1000px) 54vw, (max-width: 1071px) 543px, 580px\" \/><\/figure>\n<\/div>\n\n\n\n<div class=\"wp-block-column is-layout-flow wp-block-column-is-layout-flow\" style=\"flex-basis:80%\">\n<p class=\"has-text-align-center has-cyan-bluish-gray-color has-text-color has-link-color has-medium-font-size wp-elements-cc86636b681274b036845f9e24d7298e\"><strong>Soy licenciado en dise\u00f1o gr\u00e1fico,<\/strong> egresado de la Universidad Cat\u00f3lica Nuestra Se\u00f1ora de la Asunci\u00f3n. Trabajo en el \u00e1mbito de la comunicaci\u00f3n visual desde hace m\u00e1s de 15 a\u00f1os.<\/p>\n\n\n\n<p class=\"has-text-align-center has-cyan-bluish-gray-color has-text-color has-link-color has-medium-font-size wp-elements-577dde4db4e8b842c78f0fc1c893d182\">Soy adem\u00e1s docente en la Universidad Cat\u00f3lica Nuestra Se\u00f1ora de la Asunci\u00f3n y en el Colegio de San Jos\u00e9.<\/p>\n\n\n\n<p class=\"has-text-align-center has-cyan-bluish-gray-color has-text-color has-link-color has-medium-font-size wp-elements-839c885199b407a5e1f5a1ae69360f47\">Me gusta el rock, el raggae, el cine, el f\u00fatbol, el asado, la pizza, viajar, la compa\u00f1\u00eda de amigos y las reuniones familiares. Soy un apasionado del dise\u00f1o y la ense\u00f1anza del mismo.<\/p>\n\n\n\n<p class=\"has-text-align-center has-cyan-bluish-gray-color has-text-color has-link-color has-large-font-size wp-elements-f20cb4d04125c61fb611f5e9cb0689ae\" style=\"line-height:1.1\"><strong>Te invito a que veas mis proyectos y espero que podamos trabajar juntos.<\/strong><\/p>\n<\/div>\n\n\n\n<div class=\"wp-block-column is-layout-flow wp-block-column-is-layout-flow\" style=\"flex-basis:10%\"><\/div>\n<\/div>\n\n\n\n<p><\/p>\n","protected":false},"excerpt":{"rendered":"<p>Soy licenciado en dise\u00f1o gr\u00e1fico, egresado de la Universidad Cat\u00f3lica Nuestra Se\u00f1ora de la Asunci\u00f3n. Trabajo en el \u00e1mbito de la comunicaci\u00f3n visual desde hace m\u00e1s de 15 a\u00f1os. Soy adem\u00e1s docente en la Universidad Cat\u00f3lica Nuestra Se\u00f1ora de la Asunci\u00f3n y en el Colegio de San Jos\u00e9. Me gusta el rock, el raggae, el &hellip; <\/p>\n<p class=\"link-more\"><a href=\"https:\/\/aldoconsultor.com\/\" class=\"more-link\">Continuar leyendo<span class=\"screen-reader-text\"> \u00abSobre m\u00ed\u00bb<\/span><\/a><\/p>\n","protected":false},"author":1,"featured_media":0,"parent":0,"menu_order":0,"comment_status":"closed","ping_status":"closed","template":"elementor_theme","meta":{"om_disable_all_campaigns":false,"_monsterinsights_skip_tracking":false,"_monsterinsights_sitenote_active":false,"_monsterinsights_sitenote_note":"","_monsterinsights_sitenote_category":0,"jetpack_post_was_ever_published":false,"footnotes":""},"class_list":["post-423","page","type-page","status-publish","hentry"],"jetpack_sharing_enabled":true,"jetpack_shortlink":"https:\/\/wp.me\/PalxNB-6P","_links":{"self":[{"href":"https:\/\/aldoconsultor.com\/index.php\/wp-json\/wp\/v2\/pages\/423","targetHints":{"allow":["GET"]}}],"collection":[{"href":"https:\/\/aldoconsultor.com\/index.php\/wp-json\/wp\/v2\/pages"}],"about":[{"href":"https:\/\/aldoconsultor.com\/index.php\/wp-json\/wp\/v2\/types\/page"}],"author":[{"embeddable":true,"href":"https:\/\/aldoconsultor.com\/index.php\/wp-json\/wp\/v2\/users\/1"}],"replies":[{"embeddable":true,"href":"https:\/\/aldoconsultor.com\/index.php\/wp-json\/wp\/v2\/comments?post=423"}],"version-history":[{"count":15,"href":"https:\/\/aldoconsultor.com\/index.php\/wp-json\/wp\/v2\/pages\/423\/revisions"}],"predecessor-version":[{"id":4149,"href":"https:\/\/aldoconsultor.com\/index.php\/wp-json\/wp\/v2\/pages\/423\/revisions\/4149"}],"wp:attachment":[{"href":"https:\/\/aldoconsultor.com\/index.php\/wp-json\/wp\/v2\/media?parent=423"}],"curies":[{"name":"wp","href":"https:\/\/api.w.org\/{rel}","templated":true}]}}